t is 1 - -1089?
108a
In base 5, what is -4 - 210?
-214
In base 5, what is -34210 - -3?
-34202
In base 9, what is -74 + -3?
-77
In base 6, what is -2 - -1340?
1334
In base 2, what is -1101 + 1110100?
1100111
In base 15, what is -3 - -188?
185
In base 7, what is 11050 + -5?
11042
In base 5, what is -440 - 1?
-441
In base 2, what is -111 + -101101100?
-101110011
In base 14, what is -d3 + -21?
-114
In base 5, what is -11 - 13133?
-13144
In base 7, what is 4 + 64?
101
In base 4, what is -22 + 232?
210
In base 2, what is 0 - -10?
10
In base 11, what is 16331 + 2?
16333
In base 3, what is -1101 - -22?
-1002
In base 5, what is 4 + 222?
231
In base 12, what is -2b - -20?
-b
In base 5, what is -1 + 1211?
1210
In base 14, what is -2c - -24?
-8
In base 15, what is -23 + 1e?
-4
In base 15, what is -4 + -32?
-36
In base 7, what is 205 - -4?
212
In base 13, what is 6 - -a0?
a6
In base 3, what is 0 + 211?
211
In base 14, what is 19 - 0?
19
In base 15, what is 34 - b?
28
In base 11, what is 1 + 1116?
1117
In base 16, what is 4f - -12?
61
In base 14, what is d5 + 2?
d7
In base 14, what is -b3 - 5?
-b8
In base 16, what is -7 - -a5?
9e
In base 7, what is 5 + 1631?
1636
In base 15, what is 142 - 15?
12c
In base 16, what is d + -d6?
-c9
In base 11, what is 3a + 8?
47
In base 16, what is -1 + -95a?
-95b
In base 4, what is -33332 + 1?
-33331
In base 8, what is 1660 - 3?
1655
In base 16, what is -3bc - -1?
-3bb
In base 9, what is 14580 + -5?
14574
In base 10, what is -31 - -5?
-26
In base 2, what is 1010000 - -10001001?
11011001
In base 12, what is -2269 + 4?
-2265
In base 11, what is -388 - 2?
-38a
In base 7, what is 3 + -13642?
-13636
In base 7, what is 6 - 41?
-32
In base 15, what is -2 - -17ed?
17eb
In base 9, what is -200 + -17?
-217
In base 11, what is -79 + -3?
-81
In base 10, what is 202 + 5?
207
In base 7, what is 0 + 0?
0
In base 15, what is -cc8 + -4?
-ccc
In base 10, what is 11 - 41?
-30
In base 2, what is -10 - -110110000?
110101110
In base 5, what is -4 - 113?
-122
In base 13, what is 199 + 1?
19a
In base 6, what is -13 + 133?
120
In base 15, what is 7 + 27?
2e
In base 4, what is 23 + -211?
-122
In base 14, what is 2355 + 5?
235a
In base 6, what is 14401 - 5?
14352
In base 10, what is 353 + -7?
346
In base 16, what is -a8 - 1?
-a9
In base 10, what is 5 + 52?
57
In base 13, what is -2 + 5?
3
In base 6, what is 5 + 23154?
23203
In base 9, what is 1577 + 4?
1582
In base 7, what is 3 + -140?
-134
In base 5, what is -1 + -1121?
-1122
In base 5, what is 243 + 2?
300
In base 11, what is -2 + -90?
-92
In base 7, what is 32315 - 3?
32312
In base 12, what is 4 + -11?
-9
In base 14, what is 13 + 46?
59
In base 5, what is -100 + -1134?
-1234
In base 9, what is -4 - 1402?
-1406
In base 13, what is -2 - -10?
b
In base 14, what is a4 - -2?
a6
In base 10, what is 95 - -4?
99
In base 14, what is 44 - 2a?
18
In base 14, what is 2 + 8c?
90
In base 15, what is -1 - a3?
-a4
In base 8, what is -1 + -746?
-747
In base 3, what is 0 + 2011210?
2011210
In base 14, what is 16a + 5?
171
In base 10, what is 128 - -4?
132
In base 13, what is 1b85 + 0?
1b85
In base 2, what is -100001111 + -1?
-100010000
In base 16, what is 958 - -5?
95d
In base 6, what is 0 + 5?
5
In base 10, what is 2 + 111?
113
In base 4, what is 0 - -1003?
1003
In base 5, what is 1 - 1022?
-1021
In base 8, what is 3 + -770?
-765
In base 14, what is 5 + -396?
-391
In base 15, what is -1515 + -3?
-1518
In base 10, what is 2850 + 2?
2852
In base 4, what is -20 - 32?
-112
In base 9, what is 2 - -620?
622
In base 6, what is 1 - -34?
35
In base 2, what is 100 - -100011?
100111
In base 2, what is 1010 - -11000?
100010
In base 16, what is 4 + 117?
11b
In base 14, what is -946 + 4?
-942
In base 9, what is 508 - 4?
504
In base 14, what is -6 - -39?
33
In base 12, what is -37a8 + 3?
-37a5
In base 5, what is -1403 - 4?
-1412
In base 12, what is -3 - a9?
-b0
In base 9, what is 5 + 40?
45
In base 3, what is 2 - -11120?
11122
In base 12, what is 336 + -3?
333
In base 3, what is -2000 - -22?
-1201
In base 3, what is 1100 + 2?
1102
In base 6, what is -1341 + 2?
-1335
In base 8, what is 333 - -2?
335
In base 5, what is 104 - 0?
104
In base 14, what is -2b + 7?
-24
In base 9, what is 2067 + 4?
2072
In base 13, what is 130 + 5?
135
In base 11, what is -1009 - -5?
-1004
In base 10, what is 9158 + 2?
9160
In base 2, what is -1001 - -10000?
111
In base 9, what is -377 + 12?
-365
In base 8, what is 606 + -2?
604
In base 14, what is -2 + -522?
-524
In base 3, what is -11 - 122?
-210
In base 13, what is -66 - -4?
-62
In base 10, what is -3 + 110?
107
In base 4, what is -11 + 32322?
32311
In base 8, what is 2 - -52?
54
In base 8, what is 4 + 24?
30
In base 3, what is 11 - 20110?
-20022
In base 8, what is -3 - 32?
-35
In base 11, what is 14 - -72?
86
In base 11, what is -105 - 2?
-107
In base 13, what is -6 - 4a?
-53
In base 8, what is 13621 + -5?
13614
In base 13, what is -4 + -1360?
-1364
In base 9, what is -311 + -17?
-328
In base 14, what is -4 - 440?
-444
In base 3, what is -12 + -11002?
-11021
In base 8, what is -3 + 107?
104
In base 5, what is 114224 - 4?
114220
In base 3, what is -100222 - 11?
-101010
In base 11, what is -175 - -3?
-172
In base 5, what is -2314 - 3?
-2322
In base 16, what is 4 - -cf?
d3
In base 13, what is -13 + 58?
45
In base 13, what is 4 - 915?
-911
In base 15, what is 3 - 6a6?
-6a3
In base 10, what is -5 - -57?
52
In base 14, what is -4 - 0?
-4
In base 15, what is -6de + -8?
-6e7
In base 8, what is -230 + -6?
-236
In base 15, what is 18 + -3?
15
In base 14, what is -11 + -21?
-32
In base 13, what is -1 + 3a?
39
In base 9, what is 1 + -176?
-175
In base 9, what is -15 + 144?
128
In base 13, what is -a - 13?
-20
In base 2, what is -11 - -101000?
100101
In base 14, what is 5 + 364?
369
In base 9, what is -537 - -24?
-513
In base 15, what is -31e - 7?
-326
In base 2, what is -1111100111010 + -1?
-1111100111011
In base 11, what is a + -a5?
-96
In base 2, what is 10011 - -11110000?
100000011
In base 14, what is -60 - 0?
-60
In base 16, what is 3 - -17d3?
17d6
In base 11, what is 6 + -40?
-35
In base 5, what is 1124 + -134?
440
In base 6, what is -350 + 15?
-331
In base 6, what is 232333 - -2?
232335
In base 13, what is a8 + 5b?
136
In base 16, what is -b - -d2?
c7
In base 15, what is 11e78 - -5?
11e7d
In base 7, what is 50004 + 3?
50010
In base 5, what is 3 + -21?
-13
In base 2, what is -1000 + 1011000?
1010000
In base 4, what is 11 + 112?
123
In base 8, what is 2760 - 0?
2760
In base 15, what is -3 - -30?
2c
In base 16, what is 1e59 + 4?
1e5d
In base 9, what is -7 - -33?
25
In base 3, what is 102 - -12210?
20012
In base 7, what is -5 + 35?
30
In base 8, what is -2231 + 3?
-2226
In base 15, what is -de - -2?
-dc
In base 16, what is -4 - -5?
1
In base 9, what is -54 - 4?
-58
In base 5, what is -1144 + 4?
-1140
In base 6, what is 53 - 14?
35
In base 5, what is 4 - 12240?
-12231
In base 16, what is -5 - 68?
-6d
In base 13, what is 4c1 - 1?
4c0
In base 16, what is 0 + -53?
-53
In base 12, what is 196a + -2?
1968
In base 14, what is 3 - 8a3?
-8a0
In base 8, what is -6 - 4?
-12
In base 6, what is -2 + 243?
241
In base 14, what is 34 - -c?
42
In base 13, what is 4 + -267?
-263
In base 5, what is 13 + 314?
332
In base 7, what is 4603 - 3?
4600
In base 5, what is -14433 - 13?
-20001
In base 10, what is 440 - 3?
437
In base 11, what is 40 - 0?
40
In base 10, what is 285 + -6?
279
In base 2, what is 110 - -11011001?
11011111
In base 10, what is -542 - -3?
-539
In base 13, what is -32 + 254?
222
In base 13, what is b8 - 13?
a5
In base 12, what is 3 - -107?
10a
In base 4, what is 3 - -1013?
1022
In base 7, what is -3 + -2132?
-2135
In base 15, what is 84 - -5?
89
In base 16, what is -42b - 7?
-432
In base 8, what is 210 + -5?
203
In base 8, what is -14 + 20?
4
In base 9, what is -18581 - -3?
-18577
In base 11, what is 641 - 4?
638
In base 16, what is -5 + -408?
-40d
In base 9, what is 3 + -52?
-48
In base 5, what is -22341 - -3?
-22333
In base 3, what is -20 - -12122?
12102
In base 15, what is -3 + 390?
38c
In base 6, what is -2 - -121?
115
In base 12, what is 414 + -12?
402
In base 7, what is 10 + -134?
-124
In base 5, what is -321 + 121?
-200
In base 3, what is -2 - -11002?
11000
In base 4, what is 12 - -12021?
12033
In base 